{"id":5349,"date":"2026-01-23T16:25:24","date_gmt":"2026-01-23T15:25:24","guid":{"rendered":"https:\/\/lolimpo.it\/?page_id=5349"},"modified":"2026-01-23T16:41:31","modified_gmt":"2026-01-23T15:41:31","slug":"lavora-con-noi","status":"publish","type":"page","link":"https:\/\/lolimpo.it\/?page_id=5349","title":{"rendered":"Lavora con noi"},"content":{"rendered":"\t\t<div data-elementor-type=\"wp-page\" data-elementor-id=\"5349\" class=\"elementor elementor-5349\" data-elementor-post-type=\"page\">\n\t\t\t\t\t\t<section class=\"elementor-section elementor-top-section elementor-element elementor-element-1734c162 elementor-section-boxed elementor-section-height-default elementor-section-height-default\" data-id=\"1734c162\" data-element_type=\"section\" data-settings=\"{&quot;background_background&quot;:&quot;classic&quot;}\">\n\t\t\t\t\t\t\t<div class=\"elementor-background-overlay\"><\/div>\n\t\t\t\t\t\t\t<div class=\"elementor-container elementor-column-gap-default\">\n\t\t\t\t\t<div class=\"elementor-column elementor-col-100 elementor-top-column elementor-element elementor-element-23b80c88\" data-id=\"23b80c88\" data-element_type=\"column\">\n\t\t\t<div class=\"elementor-widget-wrap elementor-element-populated\">\n\t\t\t\t\t\t<div class=\"elementor-element elementor-element-238c2ae4 elementor-widget elementor-widget-heading\" data-id=\"238c2ae4\" data-element_type=\"widget\" data-widget_type=\"heading.default\">\n\t\t\t\t\t<h1 class=\"elementor-heading-title elementor-size-default\">Lavora con noi<\/h1>\t\t\t\t<\/div>\n\t\t\t\t\t<\/div>\n\t\t<\/div>\n\t\t\t\t\t<\/div>\n\t\t<\/section>\n\t\t\t\t<section class=\"elementor-section elementor-top-section elementor-element elementor-element-2daae3f5 elementor-section-content-middle elementor-section-boxed elementor-section-height-default elementor-section-height-default\" data-id=\"2daae3f5\" data-element_type=\"section\">\n\t\t\t\t\t\t\t<div class=\"elementor-background-overlay\"><\/div>\n\t\t\t\t\t\t\t<div class=\"elementor-container elementor-column-gap-default\">\n\t\t\t\t\t<div class=\"elementor-column elementor-col-50 elementor-top-column elementor-element elementor-element-de0f74e\" data-id=\"de0f74e\" data-element_type=\"column\">\n\t\t\t<div class=\"elementor-widget-wrap elementor-element-populated\">\n\t\t\t\t\t\t<div class=\"elementor-element elementor-element-3d77903c elementor-widget elementor-widget-heading\" data-id=\"3d77903c\" data-element_type=\"widget\" data-widget_type=\"heading.default\">\n\t\t\t\t\t<h6 class=\"elementor-heading-title elementor-size-default\">BENVENUTI ALLA SALA RICEVIMENTI L\u2019OLIMPO<\/h6>\t\t\t\t<\/div>\n\t\t\t\t<div class=\"elementor-element elementor-element-268a7c23 elementor-widget elementor-widget-heading\" data-id=\"268a7c23\" data-element_type=\"widget\" data-widget_type=\"heading.default\">\n\t\t\t\t\t<h1 class=\"elementor-heading-title elementor-size-default\">Lavora con Noi<\/h1>\t\t\t\t<\/div>\n\t\t\t\t<div class=\"elementor-element elementor-element-3e6cf581 elementor-widget elementor-widget-heading\" data-id=\"3e6cf581\" data-element_type=\"widget\" data-widget_type=\"heading.default\">\n\t\t\t\t\t<p class=\"elementor-heading-title elementor-size-default\">La Sala Ricevimenti Olimpo \u00e8 alla ricerca di nuove figure professionali da inserire nel proprio organico. Cerchiamo persone serie, affidabili e con voglia di crescere in un ambiente professionale e dinamico, dove il lavoro di squadra e l\u2019attenzione ai dettagli fanno la differenza.\n\n\n\nOffriamo un contesto organizzato, opportunit\u00e0 di crescita e la possibilit\u00e0 di far parte di una realt\u00e0 solida nel settore degli eventi e dei ricevimenti.\n\nSe pensi di avere il profilo giusto e desideri entrare a far parte del nostro team, inviaci la tua candidatura.<\/p>\t\t\t\t<\/div>\n\t\t\t\t\t<\/div>\n\t\t<\/div>\n\t\t\t\t<div class=\"elementor-column elementor-col-50 elementor-top-column elementor-element elementor-element-1fe19e6c\" data-id=\"1fe19e6c\" data-element_type=\"column\">\n\t\t\t<div class=\"elementor-widget-wrap elementor-element-populated\">\n\t\t\t\t\t\t<div class=\"elementor-element elementor-element-d5daa27 elementor-widget elementor-widget-image\" data-id=\"d5daa27\" data-element_type=\"widget\" data-widget_type=\"image.default\">\n\t\t\t\t\t\t\t\t\t\t\t\t\t\t\t<img fetchpriority=\"high\" decoding=\"async\" width=\"750\" height=\"350\" src=\"https:\/\/lolimpo.it\/wwp\/wp-content\/uploads\/2026\/01\/lavora-con-noi-siamo-alla-ricerca-di-chef-ricerca-personale-ristorante-pizzeria-hotela-la-gritta-piacenza-castel-san-giovanni-chignolo-po-stradella-copia.webp\" class=\"attachment-large size-large wp-image-5356\" alt=\"\" srcset=\"https:\/\/lolimpo.it\/wwp\/wp-content\/uploads\/2026\/01\/lavora-con-noi-siamo-alla-ricerca-di-chef-ricerca-personale-ristorante-pizzeria-hotela-la-gritta-piacenza-castel-san-giovanni-chignolo-po-stradella-copia.webp 750w, https:\/\/lolimpo.it\/wwp\/wp-content\/uploads\/2026\/01\/lavora-con-noi-siamo-alla-ricerca-di-chef-ricerca-personale-ristorante-pizzeria-hotela-la-gritta-piacenza-castel-san-giovanni-chignolo-po-stradella-copia-300x140.webp 300w, https:\/\/lolimpo.it\/wwp\/wp-content\/uploads\/2026\/01\/lavora-con-noi-siamo-alla-ricerca-di-chef-ricerca-personale-ristorante-pizzeria-hotela-la-gritta-piacenza-castel-san-giovanni-chignolo-po-stradella-copia-600x280.webp 600w\" sizes=\"(max-width: 750px) 100vw, 750px\" \/>\t\t\t\t\t\t\t\t\t\t\t\t\t\t\t<\/div>\n\t\t\t\t\t<\/div>\n\t\t<\/div>\n\t\t\t\t\t<\/div>\n\t\t<\/section>\n\t\t<div class=\"elementor-element elementor-element-97521b0 e-flex e-con-boxed e-con e-parent\" data-id=\"97521b0\" data-element_type=\"container\">\n\t\t\t\t\t<div class=\"e-con-inner\">\n\t\t\t\t<div class=\"elementor-element elementor-element-c3787fd elementor-widget elementor-widget-heading\" data-id=\"c3787fd\" data-element_type=\"widget\" data-widget_type=\"heading.default\">\n\t\t\t\t\t<h2 class=\"elementor-heading-title elementor-size-default\">Figure ricercate<\/h2>\t\t\t\t<\/div>\n\t\t\t\t\t<\/div>\n\t\t\t\t<\/div>\n\t\t<div class=\"elementor-element elementor-element-5dc6dd1 e-flex e-con-boxed e-con e-parent\" data-id=\"5dc6dd1\" data-element_type=\"container\" data-settings=\"{&quot;background_background&quot;:&quot;gradient&quot;}\">\n\t\t\t\t\t<div class=\"e-con-inner\">\n\t\t\t\t<div class=\"elementor-element elementor-element-afeb50d elementor-widget elementor-widget-text-editor\" data-id=\"afeb50d\" data-element_type=\"widget\" data-widget_type=\"text-editor.default\">\n\t\t\t\t\t\t\t\t\t<h3>Aiuto Chef<br \/>Collaboratori di sala<br \/>Camerieri<\/h3>\t\t\t\t\t\t\t\t<\/div>\n\t\t\t\t\t<\/div>\n\t\t\t\t<\/div>\n\t\t<div class=\"elementor-element elementor-element-c5874b1 e-flex e-con-boxed e-con e-parent\" data-id=\"c5874b1\" data-element_type=\"container\">\n\t\t\t\t\t<div class=\"e-con-inner\">\n\t\t\t\t<div class=\"elementor-element elementor-element-7a73cb8 elementor-widget elementor-widget-image\" data-id=\"7a73cb8\" data-element_type=\"widget\" data-widget_type=\"image.default\">\n\t\t\t\t\t\t\t\t\t\t\t\t\t\t\t<img decoding=\"async\" width=\"352\" height=\"152\" src=\"https:\/\/lolimpo.it\/wwp\/wp-content\/uploads\/2026\/01\/olimpo_logo_retina.png\" class=\"attachment-large size-large wp-image-4890\" alt=\"\" srcset=\"https:\/\/lolimpo.it\/wwp\/wp-content\/uploads\/2026\/01\/olimpo_logo_retina.png 352w, https:\/\/lolimpo.it\/wwp\/wp-content\/uploads\/2026\/01\/olimpo_logo_retina-300x130.png 300w\" sizes=\"(max-width: 352px) 100vw, 352px\" \/>\t\t\t\t\t\t\t\t\t\t\t\t\t\t\t<\/div>\n\t\t\t\t\t<\/div>\n\t\t\t\t<\/div>\n\t\t\t\t<section class=\"elementor-section elementor-top-section elementor-element elementor-element-22001774 elementor-section-boxed elementor-section-height-default elementor-section-height-default\" data-id=\"22001774\" data-element_type=\"section\">\n\t\t\t\t\t\t<div class=\"elementor-container elementor-column-gap-default\">\n\t\t\t\t\t<div class=\"elementor-column elementor-col-100 elementor-top-column elementor-element elementor-element-5f75a45a\" data-id=\"5f75a45a\" data-element_type=\"column\">\n\t\t\t<div class=\"elementor-widget-wrap elementor-element-populated\">\n\t\t\t\t\t\t<section class=\"elementor-section elementor-inner-section elementor-element elementor-element-4184d5ae elementor-section-full_width elementor-section-height-default elementor-section-height-default\" data-id=\"4184d5ae\" data-element_type=\"section\">\n\t\t\t\t\t\t<div class=\"elementor-container elementor-column-gap-default\">\n\t\t\t\t\t<div class=\"elementor-column elementor-col-100 elementor-inner-column elementor-element elementor-element-553a754b\" data-id=\"553a754b\" data-element_type=\"column\">\n\t\t\t<div class=\"elementor-widget-wrap elementor-element-populated\">\n\t\t\t\t\t\t<div class=\"elementor-element elementor-element-58f12638 elementor-widget elementor-widget-heading\" data-id=\"58f12638\" data-element_type=\"widget\" data-widget_type=\"heading.default\">\n\t\t\t\t\t<h1 class=\"elementor-heading-title elementor-size-default\">Invia la tua Candidatura<\/h1>\t\t\t\t<\/div>\n\t\t\t\t\t<\/div>\n\t\t<\/div>\n\t\t\t\t\t<\/div>\n\t\t<\/section>\n\t\t\t\t<section class=\"elementor-section elementor-inner-section elementor-element elementor-element-1ec7face elementor-section-full_width elementor-section-height-default elementor-section-height-default\" data-id=\"1ec7face\" data-element_type=\"section\">\n\t\t\t\t\t\t<div class=\"elementor-container elementor-column-gap-default\">\n\t\t\t\t\t<div class=\"elementor-column elementor-col-50 elementor-inner-column elementor-element elementor-element-6631cf73\" data-id=\"6631cf73\" data-element_type=\"column\" data-settings=\"{&quot;background_background&quot;:&quot;classic&quot;,&quot;background_motion_fx_motion_fx_scrolling&quot;:&quot;yes&quot;,&quot;background_motion_fx_scale_effect&quot;:&quot;yes&quot;,&quot;background_motion_fx_scale_speed&quot;:{&quot;unit&quot;:&quot;px&quot;,&quot;size&quot;:&quot;2&quot;,&quot;sizes&quot;:[]},&quot;background_motion_fx_devices&quot;:[&quot;desktop&quot;],&quot;background_motion_fx_scale_direction&quot;:&quot;out-in&quot;,&quot;background_motion_fx_scale_range&quot;:{&quot;unit&quot;:&quot;%&quot;,&quot;size&quot;:&quot;&quot;,&quot;sizes&quot;:{&quot;start&quot;:20,&quot;end&quot;:80}}}\">\n\t\t\t<div class=\"elementor-widget-wrap elementor-element-populated\">\n\t\t\t\t\t\t<div class=\"elementor-element elementor-element-7fcfe53 elementor-widget elementor-widget-image\" data-id=\"7fcfe53\" data-element_type=\"widget\" data-widget_type=\"image.default\">\n\t\t\t\t\t\t\t\t\t\t\t\t\t\t\t<img decoding=\"async\" width=\"1000\" height=\"1000\" src=\"https:\/\/lolimpo.it\/wwp\/wp-content\/uploads\/2026\/01\/umai-agency_selezione-risorse-umane-per-ristoranti-e-hotel.jpg\" class=\"attachment-large size-large wp-image-5352\" alt=\"\" srcset=\"https:\/\/lolimpo.it\/wwp\/wp-content\/uploads\/2026\/01\/umai-agency_selezione-risorse-umane-per-ristoranti-e-hotel.jpg 1000w, https:\/\/lolimpo.it\/wwp\/wp-content\/uploads\/2026\/01\/umai-agency_selezione-risorse-umane-per-ristoranti-e-hotel-300x300.jpg 300w, https:\/\/lolimpo.it\/wwp\/wp-content\/uploads\/2026\/01\/umai-agency_selezione-risorse-umane-per-ristoranti-e-hotel-150x150.jpg 150w, https:\/\/lolimpo.it\/wwp\/wp-content\/uploads\/2026\/01\/umai-agency_selezione-risorse-umane-per-ristoranti-e-hotel-768x768.jpg 768w, https:\/\/lolimpo.it\/wwp\/wp-content\/uploads\/2026\/01\/umai-agency_selezione-risorse-umane-per-ristoranti-e-hotel-720x720.jpg 720w, https:\/\/lolimpo.it\/wwp\/wp-content\/uploads\/2026\/01\/umai-agency_selezione-risorse-umane-per-ristoranti-e-hotel-600x600.jpg 600w, https:\/\/lolimpo.it\/wwp\/wp-content\/uploads\/2026\/01\/umai-agency_selezione-risorse-umane-per-ristoranti-e-hotel-100x100.jpg 100w\" sizes=\"(max-width: 1000px) 100vw, 1000px\" \/>\t\t\t\t\t\t\t\t\t\t\t\t\t\t\t<\/div>\n\t\t\t\t\t<\/div>\n\t\t<\/div>\n\t\t\t\t<div class=\"elementor-column elementor-col-50 elementor-inner-column elementor-element elementor-element-6667d21c\" data-id=\"6667d21c\" data-element_type=\"column\" data-settings=\"{&quot;background_background&quot;:&quot;classic&quot;}\">\n\t\t\t<div class=\"elementor-widget-wrap elementor-element-populated\">\n\t\t\t\t\t\t<div class=\"elementor-element elementor-element-4b65d3de elementor-widget elementor-widget-spacer\" data-id=\"4b65d3de\" data-element_type=\"widget\" data-widget_type=\"spacer.default\">\n\t\t\t\t\t\t\t<div class=\"elementor-spacer\">\n\t\t\t<div class=\"elementor-spacer-inner\"><\/div>\n\t\t<\/div>\n\t\t\t\t\t\t<\/div>\n\t\t\t\t<div class=\"elementor-element elementor-element-c872567 elementor-widget elementor-widget-heading\" data-id=\"c872567\" data-element_type=\"widget\" data-widget_type=\"heading.default\">\n\t\t\t\t\t<p class=\"elementor-heading-title elementor-size-default\">Puoi contattarci telefonicamente, inviando un\u2019email oppure compilando il form nella pagina. Sarai ricontattato da un nostro incaricato.<\/p>\t\t\t\t<\/div>\n\t\t\t\t<div class=\"elementor-element elementor-element-402cfc16 elementor-widget elementor-widget-cf7\" data-id=\"402cfc16\" data-element_type=\"widget\" data-widget_type=\"cf7.default\">\n\t\t\t\t<div class=\"elementor-widget-container\">\n\t\t\t\t\t\n\t\t<div class=\"nd_elements_cf7_component\">\n\t\t\t\n<div class=\"wpcf7 no-js\" id=\"wpcf7-f35-o1\" lang=\"en-US\" dir=\"ltr\" data-wpcf7-id=\"35\">\n<div class=\"screen-reader-response\"><p role=\"status\" aria-live=\"polite\" aria-atomic=\"true\"><\/p> <ul><\/ul><\/div>\n<form action=\"\/index.php?rest_route=%2Fwp%2Fv2%2Fpages%2F5349#wpcf7-f35-o1\" method=\"post\" class=\"wpcf7-form init\" aria-label=\"Contact form\" novalidate=\"novalidate\" data-status=\"init\">\n<fieldset class=\"hidden-fields-container\"><input type=\"hidden\" name=\"_wpcf7\" value=\"35\" \/><input type=\"hidden\" name=\"_wpcf7_version\" value=\"6.1.5\" \/><input type=\"hidden\" name=\"_wpcf7_locale\" value=\"en_US\" \/><input type=\"hidden\" name=\"_wpcf7_unit_tag\" value=\"wpcf7-f35-o1\" \/><input type=\"hidden\" name=\"_wpcf7_container_post\" value=\"0\" \/><input type=\"hidden\" name=\"_wpcf7_posted_data_hash\" value=\"\" \/>\n<\/fieldset>\n<p><span class=\"wpcf7-form-control-wrap\" data-name=\"your-name\"><input size=\"40\" maxlength=\"400\" class=\"wpcf7-form-control wpcf7-text wpcf7-validates-as-required\" aria-required=\"true\" aria-invalid=\"false\" placeholder=\"Nome\" value=\"\" type=\"text\" name=\"your-name\" \/><\/span><br \/>\n<span class=\"wpcf7-form-control-wrap\" data-name=\"your-email\"><input size=\"40\" maxlength=\"400\" class=\"wpcf7-form-control wpcf7-email wpcf7-validates-as-required wpcf7-text wpcf7-validates-as-email\" aria-required=\"true\" aria-invalid=\"false\" placeholder=\"Email\" value=\"\" type=\"email\" name=\"your-email\" \/><\/span><br \/>\n<span class=\"wpcf7-form-control-wrap\" data-name=\"your-message\"><textarea cols=\"40\" rows=\"10\" maxlength=\"2000\" class=\"wpcf7-form-control wpcf7-textarea\" aria-invalid=\"false\" placeholder=\"Messaggio\" name=\"your-message\"><\/textarea><\/span><br \/>\n<input class=\"wpcf7-form-control wpcf7-submit has-spinner\" type=\"submit\" value=\"Invia\" \/>\n<\/p><p style=\"display: none !important;\" class=\"akismet-fields-container\" data-prefix=\"_wpcf7_ak_\"><label>&#916;<textarea name=\"_wpcf7_ak_hp_textarea\" cols=\"45\" rows=\"8\" maxlength=\"100\"><\/textarea><\/label><input type=\"hidden\" id=\"ak_js_1\" name=\"_wpcf7_ak_js\" value=\"190\"\/><script type=\"text\/javascript\">\n\/* <![CDATA[ *\/\ndocument.getElementById( \"ak_js_1\" ).setAttribute( \"value\", ( new Date() ).getTime() );\n\/* ]]> *\/\n<\/script>\n<\/p><div class=\"wpcf7-response-output\" aria-hidden=\"true\"><\/div>\n<\/form>\n<\/div>\n\n\t\t<\/div>\t\t\t\t<\/div>\n\t\t\t\t<\/div>\n\t\t\t\t\t<\/div>\n\t\t<\/div>\n\t\t\t\t\t<\/div>\n\t\t<\/section>\n\t\t\t\t\t<\/div>\n\t\t<\/div>\n\t\t\t\t\t<\/div>\n\t\t<\/section>\n\t\t\t\t<\/div>\n\t\t","protected":false},"excerpt":{"rendered":"<p>BENVENUTI ALLA SALA RICEVIMENTI L\u2019OLIMPO Lavora con Noi La Sala Ricevimenti Olimpo \u00e8 alla ricerca di nuove figure professionali da inserire nel proprio organico. Cerchiamo persone serie, affidabili e con voglia di crescere in un ambiente professionale e dinamico, dove il lavoro di squadra e l\u2019attenzione ai dettagli fanno la differenza. Offriamo un contesto organizzato, [&hellip;]<\/p>\n","protected":false},"author":1,"featured_media":0,"parent":0,"menu_order":0,"comment_status":"closed","ping_status":"closed","template":"","meta":{"footnotes":""},"class_list":["post-5349","page","type-page","status-publish","hentry"],"_links":{"self":[{"href":"https:\/\/lolimpo.it\/index.php?rest_route=\/wp\/v2\/pages\/5349","targetHints":{"allow":["GET"]}}],"collection":[{"href":"https:\/\/lolimpo.it\/index.php?rest_route=\/wp\/v2\/pages"}],"about":[{"href":"https:\/\/lolimpo.it\/index.php?rest_route=\/wp\/v2\/types\/page"}],"author":[{"embeddable":true,"href":"https:\/\/lolimpo.it\/index.php?rest_route=\/wp\/v2\/users\/1"}],"replies":[{"embeddable":true,"href":"https:\/\/lolimpo.it\/index.php?rest_route=%2Fwp%2Fv2%2Fcomments&post=5349"}],"version-history":[{"count":25,"href":"https:\/\/lolimpo.it\/index.php?rest_route=\/wp\/v2\/pages\/5349\/revisions"}],"predecessor-version":[{"id":5378,"href":"https:\/\/lolimpo.it\/index.php?rest_route=\/wp\/v2\/pages\/5349\/revisions\/5378"}],"wp:attachment":[{"href":"https:\/\/lolimpo.it\/index.php?rest_route=%2Fwp%2Fv2%2Fmedia&parent=5349"}],"curies":[{"name":"wp","href":"https:\/\/api.w.org\/{rel}","templated":true}]}}